ommon factor of 7002 and 1818?
18
Calculate the greatest common divisor of 7 and 156268.
7
Calculate the highest common factor of 3211691 and 4137.
1379
Calculate the highest common divisor of 504218 and 154.
22
Calculate the greatest common divisor of 5320 and 1400.
280
What is the highest common factor of 14608 and 48?
16
What is the highest common factor of 2185342 and 76?
38
What is the highest common divisor of 157716 and 390?
78
What is the greatest common factor of 280 and 41344?
8
What is the highest common divisor of 479596 and 299?
299
What is the greatest common factor of 23496 and 1322184?
2136
Calculate the highest common factor of 38599 and 363.
121
What is the highest common divisor of 64519 and 3367?
91
Calculate the greatest common factor of 28 and 1423331.
7
What is the highest common divisor of 725647 and 26?
13
What is the highest common divisor of 5149 and 20197?
19
Calculate the highest common divisor of 15295 and 805.
805
What is the highest common factor of 148 and 35779?
37
What is the greatest common divisor of 403 and 185783?
403
What is the greatest common factor of 10 and 4198190?
10
What is the greatest common divisor of 352 and 1111?
11
What is the greatest common factor of 1709165 and 10?
5
What is the highest common divisor of 78700 and 76339?
787
Calculate the greatest common divisor of 430012 and 58.
58
What is the highest common factor of 56256 and 9962?
586
What is the greatest common divisor of 154452 and 183?
183
Calculate the greatest common divisor of 22454 and 1744.
218
What is the greatest common factor of 244478 and 4?
2
Calculate the greatest common factor of 56079 and 469.
67
What is the highest common factor of 53368 and 189?
7
What is the greatest common factor of 19185 and 13800?
15
Calculate the highest common divisor of 37867 and 19.
19
Calculate the highest common factor of 4576 and 429.
143
What is the highest common divisor of 1081996 and 3568?
892
Calculate the highest common divisor of 2088087 and 435.
87
Calculate the highest common factor of 114499 and 693.
77
Calculate the greatest common divisor of 4079 and 2.
1
Calculate the greatest common divisor of 5544 and 518.
14
Calculate the greatest common factor of 34956 and 216.
36
Calculate the greatest common divisor of 618 and 10506.
618
What is the highest common factor of 3619 and 113834?
329
What is the greatest common divisor of 253638 and 3969?
189
What is the greatest common divisor of 110 and 38875?
5
Calculate the greatest common divisor of 24 and 7628.
4
What is the highest common factor of 1889881 and 147?
49
Calculate the highest common factor of 1508 and 80852.
116
Calculate the greatest common divisor of 24479 and 273.
91
Calculate the greatest common divisor of 1635746 and 868.
434
Calculate the highest common divisor of 499708 and 44.
44
Calculate the greatest common factor of 144 and 270856.
8
Calculate the highest common factor of 237 and 8137.
79
Calculate the greatest common factor of 240 and 30180.
60
Calculate the highest common factor of 1304 and 6683.
163
Calculate the highest common factor of 106 and 410962.
106
What is the greatest common divisor of 8255 and 845?
65
What is the greatest common divisor of 2484 and 6268?
4
Calculate the greatest common divisor of 70088 and 8.
8
Calculate the greatest common factor of 29042 and 242389.
1117
Calculate the greatest common factor of 39 and 41509.
13
What is the greatest common factor of 5495040 and 270?
270
Calculate the highest common divisor of 765150 and 10.
10
What is the greatest common divisor of 162701 and 154?
77
Calculate the highest common divisor of 123 and 3153966.
123
What is the highest common factor of 415 and 24319?
83
Calculate the greatest common divisor of 13023 and 333.
9
What is the greatest common divisor of 267360 and 3360?
480
What is the greatest common factor of 115280 and 80?
80
Calculate the highest common divisor of 70023 and 357.
51
What is the greatest common divisor of 432 and 9579?
3
What is the greatest common divisor of 184 and 2243926?
46
What is the highest common divisor of 126 and 237888?
126
Calculate the greatest common factor of 8848700 and 350.
350
What is the highest common factor of 121756 and 7320?
244
Calculate the greatest common divisor of 1578675 and 5859.
651
What is the greatest common divisor of 5412836 and 1144?
572
Calculate the greatest common factor of 6557 and 332.
83
Calculate the highest common divisor of 2706260 and 940.
940
Calculate the greatest common divisor of 9307 and 820.
41
What is the greatest common factor of 30 and 15744?
6
What is the greatest common factor of 31860 and 2880?
180
What is the highest common factor of 218375 and 25?
25
What is the greatest common divisor of 19223 and 3272?
409
What is the highest common divisor of 3439 and 30589?
181
What is the highest common divisor of 33 and 967?
1
What is the greatest common factor of 5190 and 4?
2
What is the highest common factor of 474 and 90?
6
Calculate the highest common divisor of 1396 and 20293652.
1396
Calculate the highest common divisor of 83805 and 13986.
111
Calculate the greatest common factor of 57750 and 532950.
1650
What is the greatest common factor of 140 and 65576?
28
Calculate the highest common factor of 1450 and 668450.
1450
What is the highest common divisor of 294858 and 18?
18
Calculate the highest common divisor of 18012 and 5244.
228
Calculate the greatest common divisor of 161 and 137563.
23
Calculate the highest common divisor of 325 and 2912975.
325
What is the greatest common factor of 160 and 137120?
160
Calculate the highest common factor of 6071 and 42964.
467
What is the highest common factor of 1124 and 5596?
4
What is the greatest common factor of 8494 and 33428?
274
Calculate the highest common factor of 37725 and 2445.
15
Calculate the greatest common divisor of 23089022 and 946.
946
Calculate the highest common factor of 2183 and 34987.
59
What is the highest common factor of 43329 and 132?
33
Calculate the highest common factor of 828 and 2248664.
92
Calculate the highest common divisor of 18 and 8842518.
18
Calculate the greatest common divisor of 118734 and 137238.
1542
What is the greatest common factor of 268802 and 1?
1
What is the highest common factor of 16659 and 617?
617
What is the greatest common divisor of 1791 and 225467?
199
What is the greatest common divisor of 357 and 52683?
51
Calculate the greatest common divisor of 110 and 18205.
55
What is the highest common factor of 20840 and 582478?
1042
Calculate the greatest common divisor of 90086 and 434.
62
Calculate the highest common divisor of 1349 and 19171.
19
Calculate the highest common divisor of 22220692 and 13.
13
Calculate the greatest common factor of 854448 and 28.
28
Calculate the greatest common factor of 2436 and 67164.
348
Calculate the highest common factor of 19 and 57209.
19
What is the greatest common divisor of 117 and 279279?
117
Calculate the greatest common divisor of 5 and 2689420.
5
Calculate the greatest common divisor of 204 and 14227266.
102
What is the greatest common factor of 3021 and 1653?
57
Calculate the highest common divisor of 31350 and 4510.
110
What is the greatest common divisor of 59080 and 2?
2
What is the greatest common divisor of 36212 and 176?
44
Calculate the greatest common divisor of 261331 and 1295.
259
Calculate the highest common divisor of 192 and 70992.
48
What is the greatest common factor of 7161 and 1457?
31
What is the highest common factor of 328068 and 585?
117
What is the highest common divisor of 208 and 22?
2
What is the greatest common divisor of 228363 and 1467?
489
What is the greatest common factor of 1320 and 76890?
330
Calculate the greatest common factor of 338960 and 7805.
1115
Calculate the greatest common factor of 19109 and 4531.
197
What is the highest common divisor of 20826 and 104?
26
What is the highest common factor of 28434 and 28?
14
What is the greatest common factor of 3378375 and 252?
63
Calculate the greatest common factor of 780 and 159315.
195
Calculate the greatest common factor of 280 and 373310.
70
Calculate the highest common factor of 2590118 and 38.
38
What is the greatest common factor of 626919 and 603?
201
Calculate the highest common facto